 h(x).
12
Let d(p) = p**2 + p - 5. Suppose 4*i = 3*w + 3 + 4, 0 = -3*i + 3*w + 6. Let o be (-368)/96 - i/6. What is d(o)?
7
Suppose 12 = 8*y - 4*y. Let n(k) = -51*k**2 + 4 - y*k**2 + 5*k + 55*k**2. What is n(-5)?
4
Let g(n) = -n**2 + 3*n - 9. Let f(y) = -26 + 21*y - 4*y + 3*y - 5*y**2 - 10 - 7*y. Let k(s) = -2*f(s) + 9*g(s). Give k(4).
11
Let x(h) be the third derivative of 2*h**4/3 - h**3/6 - h**2. Let z(d) = 34*d - 29. Let p be z(1). Let g be 10/15*-3*p/10. Determine x(g).
-17
Suppose 3*x + 5*d = 32, 4*x + 5*d = -x + 40. Suppose x*j - 4*p = 16, -5*p = 9 - 4. Let o(k) = -7 + 4*k + 8 - j - 3 + k**2. Determine o(-5).
0
Let w(s) = -3*s**3 + 8*s**2 + 9*s - 14. Let r(z) = -16*z**3 + 41*z**2 + 42*z - 67. Let q(u) = 2*r(u) - 11*w(u). Give q(8).
28
Let q(n) = n**3 - 17*n**2 - 5*n - 13 + 16 - n - 18*n**2 + 29*n**2. What is q(7)?
10
Let k(r) be the second derivative of -r**4/12 + 2*r**3 - r**2 - 295*r + 2. Give k(13).
-15
Let j(d) be the second derivative of -d**3/3 - 3*d**2/2 + d - 1021. What is j(-4)?
5
Let c(r) = -r**3 + 10*r**2 + 9*r + 16. Let f(k) = k**3 + 36*k**2 + 35*k + 11. Suppose 0 = 5*q, -2*d + 0*q + 2*q = 70. Let m be f(d). Determine c(m).
-6
Let a(x) = 13*x + 13. Let r(p) = 10*p + 10. Let s(i) = -3*a(i) + 4*r(i). Calculate s(-17).
-16
Let y = 46 + 9. Let w(j) = -7*j - j**2 + y - 64 + 18. What is w(-8)?
1
Let n(w) = -91*w**2 + 3*w + 6*w**2 + 7*w**2 + 77*w**2 - 12. Determine n(3).
-12
Suppose 1147 = 14*z + 279. Let w = z + -63. Let r(y) = -y**3 - y**2 - y. Determine r(w).
1
Let z(k) = 5*k**2 - 3*k. Let m be z(2). Suppose -m*c - 153 = 29. Let b(s) = -s - 7. What is b(c)?
6
Let t(g) = -60*g - 59*g + 79 - 61*g - 60*g + 233*g. What is t(12)?
-5
Let u(k) = 0*k - 8*k + 2*k**2 + k**3 + 11*k. Suppose -2*d + 13*o + 8 = 17*o, 5*d - 2*o + 16 = 0. Determine u(d).
-6
Let k(j) be the second derivative of -j**3/6 + j**2 - 15841*j. Let w = -1 + 0. Let b = w - -7. What is k(b)?
-4
Suppose 0 = 51*g - 54*g - 2*m + 22, -3 = -g - 5*m. Let o(d) = -d**3 + 9*d**2 - 9*d. Give o(g).
-8
Suppose -6 = 3*l + y + 3, 0 = -4*l - 3*y - 17. Let o(v) = 5 + 8598*v + 263*v**2 - 257*v**2 - 8599*v - 5. Calculate o(l).
26
Let x = 3027 - 3006. Let u(z) = -7*z + 159. Give u(x).
12
Let r = 98 - 96. Suppose -6 = -2*a, 3*q - 6 - 9 = r*a. Let w be (-5 - -1)*(-6 + q). Let g(l) = l**3 + 6*l**2 + 5*l + 5. Calculate g(w).
17
Suppose -4 - 1 = -5*w. Let s(v) = -v. Let o(m) = 22*m - 55*m + 34*m. Let h(u) = 6*o(u) + 5*s(u). What is h(w)?
1
Suppose 0 = 2*f, 0*h + 2*h - 4*f = 7*f - 12*f. Let z(o) be the second derivative of 1/12*o**4 + h + 0*o**2 + 1/6*o**3 - 15*o. Determine z(-2).
2
Suppose 9*h = -h + 30. Let z be (-6 - 0)/((-12)/h - -2). Let l(d) = -7*d**2 - 7*d + 10*d**z - 4*d**3 - 5 + 1 - 5*d**3. Determine l(8).
4
Let g = -49630 - -49627. Let h(z) be the first derivative of z**4/4 + z**3/3 - 2*z**2 + z - 1. Give h(g).
-5
Suppose -l - 9 = -7. Let f(o) = o + 1. Let i(s) = 11*s - 10*s - 4*s - 2. Let p(z) = 5*f(z) + i(z). Calculate p(l).
-1
Let n(x) = 2*x**2 + x + 1. Let q be n(-1). Suppose -9 = -11*k + 13. Let t(z) = k*z**2 + 0*z**2 - 60*z + 26*z + 35*z. Determine t(q).
10
Let w(d) = -18*d + 269 - 2*d - 21*d + 10*d + 68*d. What is w(-8)?
-27
Let k(t) = -6*t - 1. Suppose n - i + 18 = 5, 3*n + 34 = 2*i. Let m(c) = -c**2 + 17*c + 199. Let h be m(n). Determine k(h).
5
Let l(f) = -7*f**3 + 3*f**2 + 10*f - 9. Let c(s) = s**3 - s + 1. Let r = -57 - -63. Let a(j) = r*c(j) + l(j). Determine a(4).
-3
Let v(k) = k + 4. Let c(f) = 3*f + 13. Suppose 15*w = 5*w - 20. Let r(x) = w*c(x) + 7*v(x). What is r(5)?
7
Let k(g) = g**3 + g**2 + g + 1. Let a be k(0). Let b(f) = -4 + 24 + 2*f - 13 + 0*f**2 + 0 - 8 + 11*f**2. Give b(a).
12
Suppose -24*f = -20*f - 12. Suppose -7*y + 11 = -f. Let q(s) = -3*s - 2. What is q(y)?
-8
Let l(o) be the first derivative of -o**3/3 - o**2/2 + 20*o + 158. Let n be l(4). Let m(z) = -z**2 - z - 2. Calculate m(n).
-2
Let t(c) be the first derivative of 5*c + 46*c**2 - 31 - 25*c**2 - 20*c**2. Let d be 80/(-14) - 18/63. Calculate t(d).
-7
Let i(o) = -46*o + 94. Let j be i(2). Let m(x) = -4*x**2 - 1. Calculate m(j).
-17
Let f(v) = 1 - 1 - 2 + 5*v. Suppose -2*p + 2*g - 3 = 5*g, -2*p - 2*g + 2 = 0. Suppose -6 = -6*t + p. Give f(t).
8
Suppose 2*l - 8 = -2*q, 0 = -l - 4*q + 1 + 6. Let t(r) = 11 + 3*r**3 - 81*r**2 + 75*r**2 - 5 - 4*r**l. What is t(-6)?
6
Let v be ((-1310)/(-6))/((-25)/(-75)). Let b(p) = -7 - 654*p + 8 + v*p. What is b(2)?
3
Let v(m) = 25*m - 48. Let a(r) = 12*r - 20. Let t(z) = -5*a(z) + 2*v(z). Calculate t(1).
-6
Let n(k) = -k**3 - k**2 - 3 + 2*k**2 - 7. Let m = -274 - -274. Suppose m = -3*l + 3*l - l. Give n(l).
-10
Let b(v) be the second derivative of -v**6/240 + v**5/30 + 10*v**4/3 + v + 14. Let t(p) be the third derivative of b(p). Determine t(8).
-20
Let c(n) = -2*n**2 - 7*n - 1. Suppose -17 = -23*r + 52. Suppose 33*z + 162 = -r. Give c(z).
-16
Let m(s) be the first derivative of -12*s + 26 - 1/4*s**4 - 1/2*s**2 - 14/3*s**3. Determine m(-14).
2
Let g(q) = q**3 + 14*q**2 + 35 + 4*q - 5 + 0*q**2 + q**2 - 9*q**2. Let c be g(-6). Let o(y) = y**3 - 7*y**2 + 9*y - 9. What is o(c)?
9
Let v(y) be the second derivative of -y**6/180 + y**5/120 - y**4/24 - y**3/6 + y**2 - 2*y - 32. Let z(b) be the second derivative of v(b). Calculate z(2).
-7
Let q(o) = -59 + 11 + 12 + 24 + o + 24. Suppose -t = -0*t + 9. What is q(t)?
3
Let b(w) = -w**3 + 2*w**2 - 1. Suppose -190*n = -189*n + 6. Let g be n/((3 - 3) + -3). Give b(g).
-1
Let c(j) = -3*j - 11*j - 191 + 247 - 8*j. Determine c(2).
12
Let w = -3 + 4. Let g(c) = 710 - c - 351 - 357. Let b(v) = 8*v - 5. Let s(t) = b(t) + 3*g(t). What is s(w)?
6
Let w(r) be the first derivative of -r**2/2 - 28*r + 109. Let o(u) = -6*u + 48 + 3*u - 57. Let x be o(-3). What is w(x)?
-28
Let g(z) = -4*z**2 + 10*z + 8. Suppose q - f = 1, 14*q + 2*f - 2 = 18*q. What is g(q)?
-28
Let k = -49 - -54. Let v(l) = -l**2 + 6*l - 3. Let m be v(k). Suppose 0*f - m*f = 8. Let s(b) = -4*b - 6. Give s(f).
10
Let q = -9 + 3. Let b(v) = -v**2 + 11*v - 20. Let s be b(8). Let t(l) = 1 + 1 - 2 - 1 + 3*l - s*l. What is t(q)?
5
Let v(l) = 4*l**3 + 62*l**2 - 2*l + 73. Let g(h) = 7*h**3 + 103*h**2 - 3*h + 147. Let i(n) = 3*g(n) - 5*v(n). Give i(0).
76
Let p(a) be the first derivative of 2*a**2 - 12*a + 1799. Suppose -4*q + 29 = 5*v, q - 33 = -5*v - 2*q. Give p(v).
24
Let k(r) be the third derivative of -r**6/20 + r**5/60 + r**4/24 - r**3/6 + 40*r**2. What is k(1)?
-5
Let d = -142 + 132. Let i(q) = -12*q + 2. Let z(w) = -w. Let x(l) = d*z(l) + i(l). Give x(-4).
10
Suppose 0 = 5*i + 20, -4*r + 31 = 4*i - 21. Let b = r - -1. Suppose -6 = 3*m + b. Let u(n) = -n**2 - 9*n + 2. What is u(m)?
10
Let p be (-5 + 4)/(-4)*(-1 + -3). Let u(i) = -8*i**2 + 2*i - 1. Calculate u(p).
-11
Let o(j) be the second derivative of -j**4/6 + 4*j**3/3 + 5*j**2 + j - 17. What is o(7)?
-32
Let r(v) be the first derivative of -13 + 1/3*v**3 + 16*v - 7*v**2. What is r(13)?
3
Suppose -8 + 135 = -56*w + 15. Let n(l) = 6*l**2 + 8*l - 8. Calculate n(w).
0
Let l(y) = -6*y - 6. Let z(t) = 4. Let n(w) = 5. Let v(d) = -3*n(d) + 4*z(d). Let f(h) = l(h) + 9*v(h). Let j be 4 + -4 - 1 - -3 - 0. Give f(j).
-9
Let d = -3692 + 3693. Let j(b) = 5*b**2 + 6 + 9*b**2 - 5. Determine j(d).
15
Let c(j) = 3*j**2 + 9*j - 9. Suppose 34 = -27*z - 74. What is c(z)?
3
Suppose 5*f - 8*b + 104 = -11*b, 2*f = 4*b - 52. Let o(t) = t**2 + 22*t + 17. Determine o(f).
17
Let l = 16 - 3. Let y(x) be the third derivative of -x**6/120 + 13*x**5/60 + x**4/12 - 11*x**3/3 + 27761*x**2 - 2*x. What is y(l)?
4
Let d be ((-5)/(-10))/((-2)/(-4)). Let c = 53 + -51. Let u(q) = q**2 + q**2 + 5*q + c*q**3 - 7*q + q. Give u(d).
3
Let d(l) be the second derivative of 0 + 147*l + 1/2*l**2 + 5/6*l**4 - 1/6*l**3. Determine d(1).
10
Let j(o) = o**3 + 12*o**2 - 16*o - 12. Let d(b) = 5*b**2 + 50*b + 92. Let z be d(-7). What is j(z)?
27
Let w(q) = -6*q**2 - q + 2. Let r(p) = -2*p - 58. Let x be r(-28). Let v be 9*x/(-3) + (-10 - -5). Determine w(v).
-5
Let o(y) be the first derivative of 75 + 1/2*y**2 - 8*y. Give o(6).
-2
Let h(a) = -6*a - 48. Let d = -5401 - -5393. Calculate h(d).
0
Let s(l) = -8*l + 39. Suppose 539 - 614 = -15*v. What is s(v)?
-1
Let t(i) = -i + 6. Let h(d) be the second derivative of -7*d**3/3 + 21*d**2 + 120*d. Let a be h(3). What is t(a)?
6
Let h(